he hundreds digit of a(t)?
1
Let o = -221 + 223. Suppose 2 = -5*x + 17, 0 = o*d + x - 511. What is the hundreds digit of d?
2
Let p(n) = -1309*n + 3654. What is the tens digit of p(2)?
3
Suppose -51897 = -1703*g + 1700*g. What is the hundreds digit of g?
2
Let h(m) = -2*m**3 + 7*m**2 + 3*m - 7. Let k be h(-5). Let j = 7589 - 7824. Let v = j + k. What is the tens digit of v?
6
Suppose -41*f + 84372 = -37*f + 7*k, -4*k = -16. What is the hundreds digit of f?
0
Let w be (-588)/15*1*5. Suppose 4*s + 17*x + 514 = 15*x, -3*s = x + 386. Let o = s - w. What is the units digit of o?
7
Let s be 5/(10/12) + 88 + -87. Suppose 24*d = -s*d + 47368. What is the thousands digit of d?
1
Suppose -323749 = -95*q + 74681. What is the tens digit of q?
9
Suppose -3*f = -f - 4*f. Suppose f = -68*g + 73*g - 2680. Let v = -308 + g. What is the hundreds digit of v?
2
Suppose 4*i - 110 = 106. Let x = i + -36. Suppose 22 = 4*o - x. What is the tens digit of o?
1
Let f(b) = -b**2 - 25*b - 239. Let t be f(-16). Let p = 227 - t. What is the tens digit of p?
2
Suppose 11806 + 8957 = 9*j. What is the units digit of j?
7
Suppose 3*h - 796 = 2*s + 355, 0 = -2*h + 5*s + 749. Suppose 3*r - h = 3*u, -14*r + 19*r - u - 641 = 0. What is the tens digit of r?
2
Suppose -10*n - 36 = -22*n. What is the tens digit of (-2742)/(-2)*1/n?
5
Let l be (55 - -44) + (-6)/(2/(-1)). Let a = 12 + -5. Suppose 0 = 8*s - a*s - l. What is the units digit of s?
2
Let w be 8/(-44) - (-6445)/55. Let u = -105 + w. Suppose 11*c - u*c + 6 = 0. What is the units digit of c?
6
Let o be (-2)/(-6)*-3*-195. Suppose 5*w - 370 = o. Suppose 3*i - 166 = w. What is the units digit of i?
3
Let p(w) = 20*w**2 - 856. What is the units digit of p(36)?
4
Let q = -400 - -252. Suppose 13*o - 8*o = -15. What is the units digit of (0 + q)/(-11 + (6 - o))?
4
Let j = 4090 - -5804. What is the hundreds digit of j?
8
Let j = 3867 + 66. What is the tens digit of j?
3
Let t(b) = -b**2 + 9*b - 18. Let u be t(8). What is the units digit of (110/6)/(u/(-300))?
0
Let q be (27/36)/1 - (-662)/(-8). Let p = q - -126. What is the tens digit of p?
4
Suppose 3*x = 2*g - 866, 5*g + 9*x - 2228 = 6*x. What is the units digit of g?
2
Let x = -21 - -27. Suppose 14*m - x*m - 112 = 0. Suppose 18*j - 444 = m*j. What is the units digit of j?
1
Let g(y) = 14*y**2 - 4*y + 32. Let s(z) = 5*z**2 - 3*z + 11 + 4*z - 3*z + z. Let c(w) = 4*g(w) - 11*s(w). What is the tens digit of c(6)?
1
Let o(i) = 188*i + 74. Let v be o(8). Let c = v - 643. What is the hundreds digit of c?
9
Let i be (11 - 395/25)*70/(-4). Suppose -74*q - 9630 = -i*q. What is the hundreds digit of q?
9
What is the hundreds digit of (3/(-2))/((-99)/726990)?
0
Let m = 47407 + -81155. What is the tens digit of (m/8)/(-11) - 3/6?
8
Let z = 28 + -35. Let v be ((-84)/z)/((-6)/(-9)). What is the units digit of -6*(-69)/v*4?
2
Suppose 9*s - 645434 = -13*s - 31*s. What is the units digit of s?
8
Suppose -2*q = 3*j - 10, 2*j - 3*q - 10 = -5*q. Suppose 2*m + 2*m - 700 = j. What is the hundreds digit of m?
1
Let o(z) = 20*z**2 + 64*z + 1291. What is the thousands digit of o(-18)?
6
Let m(y) = 2*y**3 - 5*y**2 - 4*y + 2. Let l be m(7). Suppose 11 = -g + l. What is the units digit of g?
4
Suppose 19*a - 149546 = -131203 + 264871. What is the units digit of a?
6
Let x be 0 - 6/9*-9. Let p be 1108/44 - x/33. Suppose -p*d - 145 = -30*d. What is the units digit of d?
9
Let u(r) = 3*r - 3. Let y be u(1). Suppose -15*t - 2*t + 10438 = y. What is the units digit of t?
4
What is the tens digit of (9 - 129/(-15))*745?
1
Let d(a) = a**2 + 2*a + 5. Let n(p) = -3*p**2 - 3*p - 10. Let f(m) = 5*d(m) + 2*n(m). Let k be f(-1). Suppose k = 2*g - g - 143. What is the tens digit of g?
4
Suppose 50*i - 15793 = 30957. What is the tens digit of i?
3
Suppose 5*c + 121 = -p, 0 = -4*c - 4*p - 0*p - 100. Let f = 29 + c. What is the units digit of 5 + -7 + f*26?
8
Let q be ((-36)/5)/(3 - (-33)/(-10)). Suppose -q = 4*a - 10*a. Suppose -12 + a = -2*w + 4*m, 0 = 4*w - 3*m - 26. What is the units digit of w?
8
Let w(x) = 4*x**2 - 3*x + 5*x**2 - 3*x**2 + 6*x + 2. What is the tens digit of w(8)?
1
Suppose 34*k - 158111 = 27*k - 36*k. What is the hundreds digit of k?
6
Let m = 125 + 21. Suppose -m = 9*n - 515. Suppose 6*z - n = 589. What is the units digit of z?
5
Let q = 581 - -544. Suppose 5*z + q = 10*z. What is the tens digit of z?
2
Let v = -31560 + 57195. What is the hundreds digit of v?
6
Let y be ((-385)/(-20))/(2/(-8)). Suppose -232 = 36*i - 34*i. Let w = y - i. What is the tens digit of w?
3
Let v = -32882 + 78791. What is the thousands digit of v?
5
What is the units digit of 4 + (-9)/1 - (17 - 11917)?
5
Let l(c) = c**3 + 4*c**2 - 5*c + 4. Let m be l(-5). Suppose -5*o - 3 = 2*g + g, -4 = -5*o + m*g. Suppose q + 11 - 66 = o. What is the tens digit of q?
5
Let o be (-224)/20 + (-12)/15. Let f be (-1 - (o - 1))*(-1)/(-3). What is the units digit of 0/1 - (2 - 76 - f)?
8
Let f = 22664 - 13065. What is the tens digit of f?
9
Suppose 58*i = -96405 + 493879. What is the hundreds digit of i?
8
Let w(m) = m**3 + 6*m**2 + m + 62. Let b be w(-7). Suppose b*y - 6504 = 1704. What is the units digit of y?
8
Let h(w) be the first derivative of -w**3/3 - 2*w**2 + 10*w + 4. Let g be h(-5). Suppose -102 - 208 = -g*i. What is the tens digit of i?
6
Let k(r) be the second derivative of r**3/6 + 13*r**2/2 - 13*r. Let j be k(-5). Let i = 33 + j. What is the units digit of i?
1
What is the units digit of (56/80*10)/((-1)/(-527))?
9
Let r = -53 - -48. Let y be 1360/3 - r*(-14)/(-105). Suppose 0 = 5*w + 3*j - j - y, -3*w - j = -273. What is the tens digit of w?
9
Let h be -11*(-16)/44*10/4. Suppose 4*a = h*n - 6*n - 3472, 2*n - 3*a - 1738 = 0. What is the units digit of n?
6
Suppose -4567 = 2*j - 14*j + 1433. What is the hundreds digit of j?
5
What is the tens digit of ((-660)/75 + 16)/(6/15045)?
5
Suppose 0*y = -c + y, 2*c - 3*y + 2 = 0. Suppose r = -c*r + 15. Suppose -2*j = -6*j + 2*s + 288, r*j - s = 357. What is the tens digit of j?
7
Suppose 3*c = 150 - 3. Suppose -2*w = w - 2*t - 53, 3*w - c = t. What is the units digit of 1315/w*(2 + 1 + 0)?
3
Let v(i) = i**2 + 17*i - 39. Let k be v(2). What is the thousands digit of (7 + 87)*(k + 22)?
1
Let y(l) = -21*l**2 + 0*l**3 - 21*l - 15 - 51 + 17*l - l**3 - 41. What is the units digit of y(-22)?
5
Let r = -2535 + 2544. Let k(m) = 3*m - 7. Let h be k(7). Let f = r + h. What is the units digit of f?
3
Let b = 19044 + 1027. What is the ten thousands digit of b?
2
What is the units digit of 4078/3 + (-50)/150?
9
Let r(o) = o**2 + 24*o + 6. Let z be r(-24). Let v(a) = z*a**3 - 10 - 4*a**3 - 8*a - 3*a**3 - 4*a**2. What is the tens digit of v(-5)?
5
Let b(x) = -2*x + 22. Suppose -2*s + 6 = -12. Let q be b(s). Suppose 0 = q*o - 508 - 156. What is the units digit of o?
6
Suppose 1080*t - 1077*t - 90969 = 2*h, -5*t - 4*h = -151637. What is the thousands digit of t?
0
Suppose 744 = -37*t + 45*t. Suppose 5*k - 664 + t = 4*f, -3*f = 12. What is the hundreds digit of k?
1
Let j = -23 + 52. Let b = j + -38. What is the units digit of (256/6)/2 + (-6)/b?
2
Let b be 2/24*2 + 551/6. Let u = -51 + b. What is the units digit of u?
1
Suppose 775319 = -79*m + 136*m - 731020. What is the units digit of m?
7
What is the thousands digit of (6607 - -19)/((-5)/(-10) - 3/(-2))?
3
Let t = -15 - -694. Suppose 0 = -8*o + t + 2873. What is the hundreds digit of o?
4
Suppose 2*p + 301 = 5*f - 1450, -4*f - 5*p = -1414. Let l = 296 + -537. Let w = l + f. What is the hundreds digit of w?
1
Suppose -10795 = -21*m + 21923. What is the hundreds digit of m?
5
Let x(i) = -79*i - 170. Let s(w) = -39*w - 86. Let q(c) = -9*s(c) + 4*x(c). What is the tens digit of q(27)?
3
Let f(w) = 24*w**3 - 2*w**2 - 6*w + 12. Let k be f(4). Suppose -2*p + 5*z + 746 = 0, 3*p + p = -5*z + k. What is the tens digit of p?
7
Suppose 0 = 2*t - j - 6268, 21*j + 4 = 22*j. What is the units digit of t?
6
Let f = -626 - -629. Suppose f*k - c - 2419 = 0, 2*k - 9*c + 12*c - 1620 = 0. What is the hundreds digit of k?
8
Let w = -4190 - -4194. Let f(n) = 30*n - 3. Let l(h) = 90*h - 8. Let i(v) = -8*f(v) + 3*l(v). What is the tens digit of i(w)?
2
What is the units digit of -14 + 24284/(6 + -2)?
7
Suppose -p = -2*g - 3011, 0 = -2*g - 2*p - 3*p - 2981. Let v = g - -2744. Wh